{"id":15,"date":"2024-01-01T01:00:00","date_gmt":"2024-01-01T01:00:00","guid":{"rendered":"https:\/\/bwm-partner.de\/?page_id=15"},"modified":"2025-07-27T11:35:33","modified_gmt":"2025-07-27T11:35:33","slug":"impressum","status":"publish","type":"page","link":"https:\/\/bwm-partner.de\/index.php\/impressum\/","title":{"rendered":"Impressum"},"content":{"rendered":"\n<p>bwm-partner.de <\/p>\n\n\n\n<p>Ein Angebot der BWM Rechtsanw\u00e4lte &#8211; Bausch Walter M\u00fcller PartmbB<br>Riemannstr. 29b<br>04107 Leipzig<br>Registergericht: AG Leipzig PR 245<br>Telefon: +49 (0) 341 | 68 672 452<br>Fax: +49 (0) 341 | 51 999 552<\/p>\n\n\n\n<p>kanzlei[at]bwm-partner.de<\/p>\n\n\n\n<p>Partner:<br>Rechtsanwalt Matthias Walter<br>Rechtsanwalt Christoph R. M\u00fcller<\/p>\n\n\n\n<p>ausgeschieden zum 31.12.2023: Rechtsanwalt Gerald Bausch<\/p>\n\n\n\n<p><strong>Verantwortlicher i. S. d. des DDG:<\/strong><br>Christoph R. M\u00fcller (Anschrift wie oben)<br><\/p>\n\n\n\n<hr class=\"wp-block-separator has-css-opacity\"\/>\n\n\n\n<p>Umsatzsteueridentifikationsnummer:<\/p>\n\n\n\n<p>DE323419786<\/p>\n\n\n\n<hr class=\"wp-block-separator has-css-opacity\"\/>\n\n\n\n<p>Berufsbezeichnung und zust\u00e4ndige Kammer:<\/p>\n\n\n\n<p>Die Rechtsanw\u00e4lte sind jeweils als  Rechtsanwalt in der Bundesrepublik Deutschland zugelassen und Mitglied  der Rechtsanwaltskammer Sachen, Glacisstr. 6, 01099 Dresden, Tel:  0351\/318590, Fax: 0351\/3360899, www.rak-sachsen.de. Die  Rechtsanwaltskammer Sachsen ist auch als Aufsichtsbeh\u00f6rde zust\u00e4ndig.<\/p>\n\n\n\n<hr class=\"wp-block-separator has-css-opacity\"\/>\n\n\n\n<p>Berufshaftpflichtversicherung:<\/p>\n\n\n\n<p>R+V Allgemeine Versicherung AG<br>Niedersachsenring 13<br>30163 Hannover<\/p>\n\n\n\n<p>Geltungsbereich: Deutschland und europ\u00e4isches Ausland, einschlie\u00dflich T\u00fcrkei<\/p>\n\n\n\n<hr class=\"wp-block-separator has-css-opacity\"\/>\n\n\n\n<p>Berufsrechtliche Regelungen f\u00fcr Rechtsanw\u00e4lte:<\/p>\n\n\n\n<p>Bundesrechtsanwaltsordnung (BRAO)<br>\nBerufsordnung (BORA)<br>\nFachanwaltsordnung (FAO)<br>\nRechtsanwaltsverg\u00fctungsgesetz (RVG)<br>\nBerufsregeln der Rechtsanw\u00e4lte der Europ\u00e4ischen Gemeinschaft (CCBE)<\/p>\n\n\n\n<p>S\u00e4mtliche Regelungen finden Sie auf der&nbsp;<a href=\"http:\/\/www.brak.de\/fuer-anwaelte\/berufsrecht\/\">Homepage der Bundesrechtsanwaltskammer, Unterseite \u201eBerufsrecht\u201c<\/a>.<\/p>\n\n\n\n<hr class=\"wp-block-separator has-css-opacity\"\/>\n\n\n\n<p><strong>Haftungsausschluss \/ Disclaimer<\/strong><\/p>\n\n\n\n<p>Haftung f\u00fcr Inhalte<\/p>\n\n\n\n<p>Die Inhalte unserer Seiten wurden mit  gr\u00f6\u00dfter Sorgfalt erstellt. Gleichwohl kann f\u00fcr die Richtigkeit,  Vollst\u00e4ndigkeit und Aktualit\u00e4t der Inhalte keine Gew\u00e4hr \u00fcbernommen  \u00fcbernehmen. Keiner der hier ver\u00f6ffentlichten Beitr\u00e4ge\/Eintr\u00e4ge\/Artikel  o.\u00e4. stellt eine Rechtsberatung dar. Eine notwendigerweise individuelle  anwaltliche Beratung kann dadurch nicht ersetzt werden. Als  Diensteanbieter sind wir f\u00fcr eigene Inhalte auf diesen Seiten nach den  allgemeinen Gesetzen verantwortlich, \u00a7 7 Abs. 1 TMG. Wir sind jedoch  nicht verpflichtet, \u00fcbermittelte oder gespeicherte fremde Informationen  zu \u00fcberwachen oder nach Umst\u00e4nden zu forschen, die auf eine  rechtswidrige T\u00e4tigkeit hinweisen. Hiervon unber\u00fchrt bleiben etwaige  Verpflichtungen zur Entfernung \/ Sperrung der Nutzung von Informationen  nach den allgemeinen Gesetzen. Eine diesbez\u00fcgliche Haftung ist erst ab  dem&nbsp;Zeitpunkt der Kenntnis einer konkreten Rechtsverletzung m\u00f6glich.  Sobald uns eine Rechtsverletzung bekannt wird, werden wir die  entsprechenden Inhalte umgehend entfernen. Falls Sie Anhaltspunkte f\u00fcr  eine Rechtsverletzung erkennen, bitten wir um einen Hinweis an die  angegebenen Kontaktdaten. <strong>Es besteht kein Einverst\u00e4ndnis in eine<\/strong> (kostenpflichtige) <strong>Abmahnung<\/strong> (auch unter Kollegen).<\/p>\n\n\n\n<p>Haftung f\u00fcr Links<\/p>\n\n\n\n<p>Unser Angebot enth\u00e4lt Links zu externen \nWebseiten Dritter. Auf deren Inhalte haben wir keinen Einfluss. \nInsbesondere k\u00f6nnen wir nicht nachvollziehen, ob dort Rechtsverletzungen\n begangen werden. Deshalb k\u00f6nnen wir f\u00fcr diese fremden Inhalte auch \nkeine Gew\u00e4hr und keine Verantwortung \u00fcbernehmen. Wir bitte um \nMitteilung, falls Anhaltspunkte f\u00fcr Rechtsverletzungen bekannt werden, \ndamit wir diese \u00fcberpr\u00fcfen k\u00f6nnen.<\/p>\n\n\n\n<hr class=\"wp-block-separator has-css-opacity\"\/>\n\n\n\n<p><strong>Widerspruch Werbe-Mails und SPAM<\/strong><\/p>\n\n\n\n<p>Die Kontaktdaten im Impressum dienen allein der Erf\u00fcllung rechtlicher Pflichten. Es besteht kein Einverst\u00e4ndnis darin, diese Daten zur \u00dcbersendung von nicht ausdr\u00fccklich angeforderter Werbung und Informationsmaterialien per Mail, Post oder telefonisch zu nutzen. Das Gleiche gilt entsprechend f\u00fcr die Nutzung der auf dieser Homepage an andere Stelle aufgef\u00fchrten Kontaktdaten. Diese dienen nicht zur \u00dcbersendung von unangeforderter Werbung und Informationsmaterialien. Die Einleitung rechtlicher Schritte bei Zuwiderhandlung bleibt vorbehalten.<\/p>\n","protected":false},"excerpt":{"rendered":"<p>bwm-partner.de Ein Angebot der BWM Rechtsanw\u00e4lte &#8211; Bausch Walter M\u00fcller PartmbBRiemannstr. 29b04107 LeipzigRegistergericht: AG Leipzig PR 245Telefon: +49 (0) 341 | 68 672 452Fax: +49 (0) 341 | 51 999 552 kanzlei[at]bwm-partner.de Partner:Rechtsanwalt Matthias WalterRechtsanwalt Christoph R. M\u00fcller ausgeschieden zum 31.12.2023: Rechtsanwalt Gerald Bausch Verantwortlicher i. S. d. des DDG:Christoph R. M\u00fcller (Anschrift wie oben) &hellip; <a href=\"https:\/\/bwm-partner.de\/index.php\/impressum\/\" class=\"more-link\"><span class=\"screen-reader-text\">\u201eImpressum\u201c <\/span>weiterlesen<\/a><\/p>\n","protected":false},"author":1,"featured_media":0,"parent":0,"menu_order":0,"comment_status":"closed","ping_status":"closed","template":"","meta":{"footnotes":""},"class_list":["post-15","page","type-page","status-publish","hentry"],"_links":{"self":[{"href":"https:\/\/bwm-partner.de\/index.php\/wp-json\/wp\/v2\/pages\/15","targetHints":{"allow":["GET"]}}],"collection":[{"href":"https:\/\/bwm-partner.de\/index.php\/wp-json\/wp\/v2\/pages"}],"about":[{"href":"https:\/\/bwm-partner.de\/index.php\/wp-json\/wp\/v2\/types\/page"}],"author":[{"embeddable":true,"href":"https:\/\/bwm-partner.de\/index.php\/wp-json\/wp\/v2\/users\/1"}],"replies":[{"embeddable":true,"href":"https:\/\/bwm-partner.de\/index.php\/wp-json\/wp\/v2\/comments?post=15"}],"version-history":[{"count":8,"href":"https:\/\/bwm-partner.de\/index.php\/wp-json\/wp\/v2\/pages\/15\/revisions"}],"predecessor-version":[{"id":120,"href":"https:\/\/bwm-partner.de\/index.php\/wp-json\/wp\/v2\/pages\/15\/revisions\/120"}],"wp:attachment":[{"href":"https:\/\/bwm-partner.de\/index.php\/wp-json\/wp\/v2\/media?parent=15"}],"curies":[{"name":"wp","href":"https:\/\/api.w.org\/{rel}","templated":true}]}}