{"id":2,"date":"2024-01-01T01:00:00","date_gmt":"2024-01-01T01:00:00","guid":{"rendered":"https:\/\/bwm-partner.de\/?page_id=2"},"modified":"2025-05-07T07:53:23","modified_gmt":"2025-05-07T07:53:23","slug":"sample-page","status":"publish","type":"page","link":"https:\/\/bwm-partner.de\/","title":{"rendered":"Willkommen"},"content":{"rendered":"\n<p>auf der Homepage der BWM Rechtsanw\u00e4lte &#8211; Bausch Walter M\u00fcller PartmbB. <\/p>\n\n\n\n<p>Seit 2019 betreuen und vertreten die BWM Rechtsanw\u00e4lte Mandanten mit dem Schwerpunkt im Verkehrsrecht. F\u00fcr unsere Mandanten setzen wir die Anspr\u00fcche im Zusammenhang mit Verkehrsunf\u00e4llen durch. Dabei unterst\u00fctzen wir bei der Unfallregulierung, k\u00fcmmern uns um die Durchsetzung von Schadensersatz- und Schmerzensgeldanspr\u00fcchen und verteidigen bei Verkehrsordnungswidrigkeiten. Gemeinsam mit unseren Mitarbeitern und Mitarbeiterinnen sind wir f\u00fcr unsere Mandanten da.<\/p>\n\n\n\n<p>Sie hatten einen Verkehrsunfall? Dann nehmen Sie <a href=\"https:\/\/bwm-partner.de\/index.php\/kontakt\/\">Kontakt<\/a> mit uns auf.<\/p>\n\n\n\n<p><\/p>\n","protected":false},"excerpt":{"rendered":"<p>auf der Homepage der BWM Rechtsanw\u00e4lte &#8211; Bausch Walter M\u00fcller PartmbB. Seit 2019 betreuen und vertreten die BWM Rechtsanw\u00e4lte Mandanten mit dem Schwerpunkt im Verkehrsrecht. F\u00fcr unsere Mandanten setzen wir die Anspr\u00fcche im Zusammenhang mit Verkehrsunf\u00e4llen durch. Dabei unterst\u00fctzen wir bei der Unfallregulierung, k\u00fcmmern uns um die Durchsetzung von Schadensersatz- und Schmerzensgeldanspr\u00fcchen und verteidigen bei &hellip; <a href=\"https:\/\/bwm-partner.de\/\" class=\"more-link\"><span class=\"screen-reader-text\">\u201eWillkommen\u201c <\/span>weiterlesen<\/a><\/p>\n","protected":false},"author":1,"featured_media":0,"parent":0,"menu_order":0,"comment_status":"closed","ping_status":"closed","template":"","meta":{"footnotes":""},"class_list":["post-2","page","type-page","status-publish","hentry"],"_links":{"self":[{"href":"https:\/\/bwm-partner.de\/index.php\/wp-json\/wp\/v2\/pages\/2","targetHints":{"allow":["GET"]}}],"collection":[{"href":"https:\/\/bwm-partner.de\/index.php\/wp-json\/wp\/v2\/pages"}],"about":[{"href":"https:\/\/bwm-partner.de\/index.php\/wp-json\/wp\/v2\/types\/page"}],"author":[{"embeddable":true,"href":"https:\/\/bwm-partner.de\/index.php\/wp-json\/wp\/v2\/users\/1"}],"replies":[{"embeddable":true,"href":"https:\/\/bwm-partner.de\/index.php\/wp-json\/wp\/v2\/comments?post=2"}],"version-history":[{"count":13,"href":"https:\/\/bwm-partner.de\/index.php\/wp-json\/wp\/v2\/pages\/2\/revisions"}],"predecessor-version":[{"id":115,"href":"https:\/\/bwm-partner.de\/index.php\/wp-json\/wp\/v2\/pages\/2\/revisions\/115"}],"wp:attachment":[{"href":"https:\/\/bwm-partner.de\/index.php\/wp-json\/wp\/v2\/media?parent=2"}],"curies":[{"name":"wp","href":"https:\/\/api.w.org\/{rel}","templated":true}]}}