{"id":36,"date":"2019-04-08T07:33:44","date_gmt":"2019-04-08T07:33:44","guid":{"rendered":"https:\/\/bwm-partner.de\/?page_id=36"},"modified":"2021-04-27T18:21:21","modified_gmt":"2021-04-27T18:21:21","slug":"datenschutz","status":"publish","type":"page","link":"https:\/\/bwm-partner.de\/index.php\/datenschutz\/","title":{"rendered":"Datenschutz"},"content":{"rendered":"\n<div class=\"wp-block-file\"><a href=\"https:\/\/bwm-partner.de\/wp-content\/uploads\/2019\/04\/BWM-Rechtsanw\u00e4lte-Hinweise-zur-Datenverarbeitung-1.pdf\">BWM Rechtsanw\u00e4lte &#8211; Hinweise zur Datenverarbeitung<\/a><a href=\"https:\/\/bwm-partner.de\/wp-content\/uploads\/2019\/04\/BWM-Rechtsanw\u00e4lte-Hinweise-zur-Datenverarbeitung-1.pdf\" class=\"wp-block-file__button\" download>Herunterladen<\/a><\/div>\n\n\n\n<p><strong>Datenschutzerkl\u00e4rung<\/strong><br>BWM Rechtsanw\u00e4lte PartmbB legt gro\u00dfen Wert auf den Schutz von&nbsp; personenbezogenen Daten. Diese Daten werden daher ausschlie\u00dflich in \u00dcbereinstimmung mit den nachfolgend beschriebenen Grunds\u00e4tzen und unter Beachtung der anwendbaren Datenschutzgesetze erhoben, verarbeitet und genutzt.<\/p>\n\n\n\n<ol class=\"wp-block-list\"><li>Anbieterkennzeichnung: Verantwortlich f\u00fcr diese Website ist die BWM Rechtsanw\u00e4lte PartmbB,  Riemannstr. 29b, 04107 Leipzig, Telefon: +49 (0) 341 | 68 672 452, Fax: +49 (0) 341 | 51 999 552 kanzlei[at]bwm-partner.de.<\/li><li>Personenbezogenen Daten: Personenbezogene Daten sind alle Angaben,  die sich auf eine bestimmte oder bestimmbare Person beziehen. Dazu  geh\u00f6ren zum Beispiel Ihr Name, Ihre Telefonnummer sowie Ihre Post- und  E-Mail-Adresse.<\/li><li>Umfang der Datenerhebung, -verarbeitung und -nutzung: Diese Website  dient ausschlie\u00dflich der informatorischen Nutzung. Wir erheben daher  keine personenbezogenen Daten, mit Ausnahme der Daten, die Ihr Browser  \u00fcbermittelt, um Ihnen den Besuch der Website zu erm\u00f6glichen. Diese sind:<br> \u2013 IP-Adresse<br> \u2013 Datum und Uhrzeit der Anfrage<br> \u2013 Zeitzonendifferenz zur Greenwich Mean Time (GMT)<br> \u2013 Inhalt der Anforderung (konkrete Seite)<br> \u2013 Zugriffsstatus\/HTTP-Statuscode<br> \u2013 jeweils \u00fcbertragene Datenmenge<br> \u2013 Website, von der die Anforderung kommt<br> \u2013 Browser<br> \u2013 Betriebssystem und dessen Oberfl\u00e4che<br> \u2013 Sprache und Version der Browsersoftware.<br> Die genannten Daten werden durch uns zum Zwecke der Gew\u00e4hrleistung eines  reibungslosen Verbindungsaufbaus der Website, der Gew\u00e4hrleistung einer  komfortablen Nutzung unserer Website, der Auswertung der  Systemsicherheit und -stabilit\u00e4t sowie zu weiteren administrativen  Zwecken verarbeitet.<br> Die Rechtsgrundlage f\u00fcr die Datenverarbeitung ist Art. 6 Abs. 1 S. 1  lit. f DSGVO. Unser berechtigtes Interesse folgt aus oben aufgelisteten  Zwecken zur Datenerhebung. In keinem Fall verwenden wir die erhobenen  Daten zu dem Zweck, R\u00fcckschl\u00fcsse auf Ihre Person zu ziehen.<\/li><li>Eine \u00dcbermittlung Ihrer pers\u00f6nlichen Daten an Dritte findet nur im Rahmen der nachfolgenden Zwecke statt:<br> Es liegt Ihre ausdr\u00fcckliche Einwilligung nach\u00a0nach Art. 6 Abs. 1 S. 1 lit. a DSGVO<br> vor.<br> Die Weitergabe ist zur Geltendmachung, Aus\u00fcbung oder Verteidigung von  Rechtsanspr\u00fcchen im Sinne des Art. 6 Abs. 1 S. 1 lit. f DSGVO  erforderlich und es besteht kein Grund zur Annahme, dass Sie ein  \u00fcberwiegendes schutzw\u00fcrdiges Interesse an der Nichtweitergabe Ihrer  Daten haben.<br> Es besteht eine gesetzliche Verpflichtung zur Weitergabe, Art. 6 Abs. 1 S. 1<br> lit. c DSGVO.<br> Die Weitergabe ist gesetzlich zul\u00e4ssig und nach Art. 6 Abs. 1 S. 1 lit. b  DSGVO f\u00fcr die Abwicklung von Vertragsverh\u00e4ltnissen mit Ihnen  erforderlich.<\/li><li>Betroffenenrechte: Sie haben das Recht<br> \u2022 gem\u00e4\u00df Art. 15 DSGVO Auskunft \u00fcber Ihre von uns verarbeiteten  personenbezogenen Daten zu verlangen. Insbesondere k\u00f6nnen Sie Auskunft  \u00fcber die Verarbeitungszwecke, die Kategorie der personenbezogenen Daten,  die Kategorien von Empf\u00e4ngern, gegen\u00fcber denen Ihre Daten offengelegt  wurden oder werden, die geplante Speicherdauer, das Bestehen eines Rechts auf Berichtigung, L\u00f6schung, Einschr\u00e4nkung der Verarbeitung oder  Widerspruch, das Bestehen eines Beschwerderechts, die Herkunft ihrer  Daten, sofern diese nicht bei uns erhoben wurden, sowie \u00fcber das  Bestehen einer automatisierten Entscheidungsfindung einschlie\u00dflich  Profiling und ggf. aussagekr\u00e4ftigen Informationen zu deren Einzelheiten  verlangen;<br> \u2022 gem\u00e4\u00df Art. 16 DSGVO unverz\u00fcglich die Berichtigung unrichtiger oder  Vervollst\u00e4ndigung Ihrer bei uns gespeicherten personenbezogenen Daten zu  verlangen;<br> \u2022 gem\u00e4\u00df Art. 17 DSGVO die L\u00f6schung Ihrer bei uns gespeicherten  personenbezogenen Daten zu verlangen, soweit nicht die Verarbeitung zur  Aus\u00fcbung des Rechts auf freie Meinungs\u00e4u\u00dferung und Information, zur  Erf\u00fcllung einer rechtlichen Verpflichtung, aus Gr\u00fcnden des \u00f6ffentlichen  Interesses oder zur Geltendmachung, Aus\u00fcbung oder Verteidigung<br> von Rechtsanspr\u00fcchen erforderlich ist;<br> \u2022 gem\u00e4\u00df Art. 18 DSGVO die Einschr\u00e4nkung der Verarbeitung Ihrer  personenbezogenen Daten zu verlangen, soweit die Richtigkeit der Daten  von Ihnen bestritten wird, die Verarbeitung unrechtm\u00e4\u00dfig ist, Sie aber  deren L\u00f6schung ablehnen und wir die Daten nicht mehr ben\u00f6tigen, Sie  jedoch diese<br> zur Geltendmachung, Aus\u00fcbung oder Verteidigung von Rechtsanspr\u00fcchen  ben\u00f6tigen oder Sie gem\u00e4\u00df Art. 21 DSGVO Widerspruch gegen die  Verarbeitung eingelegt haben;<br> \u2022 gem\u00e4\u00df Art. 20 DSGVO Ihre personenbezogenen Daten, die Sie uns  bereitgestellt haben, in einem strukturierten, g\u00e4ngigen und  maschinenlesebaren Format zu erhalten oder die \u00dcbermittlung an einen  anderen Verantwortlichen zu verlangen;<br> \u2022 gem\u00e4\u00df Art. 7 Abs. 3 DSGVO Ihre einmal erteilte Einwilligung jederzeit  gegen\u00fcber uns zu widerrufen. Dies hat zur Folge, dass wir die  Datenverarbeitung, die auf dieser Einwilligung beruhte, f\u00fcr die Zukunft  nicht mehr fortf\u00fchren d\u00fcrfen und<br> \u2022 gem\u00e4\u00df Art. 77 DSGVO sich bei einer Aufsichtsbeh\u00f6rde zu beschweren. In  der Regel k\u00f6nnen Sie sich hierf\u00fcr an die Aufsichtsbeh\u00f6rde Ihres \u00fcblichen  Aufenthaltsortes oder Arbeitsplatzes oder unseres Kanzleisitzes wenden.<\/li><li>Widerspruchsrecht: Sofern Ihre personenbezogenen Daten auf Grundlage  von berechtigten Interessen gem\u00e4\u00df Art. 6 Abs. 1 S. 1 lit. f DSGVO  verarbeitet werden, haben Sie das Recht, gem\u00e4\u00df Art. 21 DSGVO Widerspruch  gegen die Verarbeitung Ihrer personenbezogenen Daten einzulegen, soweit  daf\u00fcr Gr\u00fcnde vorliegen, die sich aus Ihrer besonderen Situation ergeben  oder sich der Widerspruch gegen Direktwerbung richtet. Im letzteren  Fall haben Sie ein generelles Widerspruchsrecht, das ohne Angabe einer  besonderen Situation von uns umgesetzt wird. M\u00f6chten Sie von Ihrem  Widerrufs- oder Widerspruchsrecht Gebrauch machen, gen\u00fcgt eine E-Mail an  kanzlei[at]mueller-legal[dot]de oder schreiben Sie an die Ziff. 1  genannte Adresse.<\/li><li>Datensicherheit: Wir unterhalten aktuelle technische Ma\u00dfnahmen zur  Gew\u00e4hrleistung der Datensicherheit, insbesondere zum Schutz Ihrer  personenbezogenen Daten vor Gefahren bei Daten\u00fcbertragungen sowie vor  Kenntniserlangung durch Dritte. Unsere Sicherheitsma\u00dfnahmen werden  entsprechend der technologischen Entwicklung fortlaufend verbessert.<\/li><li>Anpassungen: Wir behalten uns das Recht vor, diese  Datenschutzerkl\u00e4rung von Zeit zu Zeit zu aktualisieren. Aktualisierungen  dieser Datenschutzerkl\u00e4rung werden auf unserer Webseite ver\u00f6ffentlicht.  \u00c4nderungen gelten ab ihrer Publikation auf unserer Webseite. Wir  empfehlen Ihnen daher, diese Seite regelm\u00e4\u00dfig zu besuchen, um sich \u00fcber  gegebenenfalls erfolgte Aktualisierungen zu informieren.<\/li><\/ol>\n\n\n\n<p>Absatz <\/p>\n\n\n\n<p>Hinweis:<br>Cookies und \u00e4hnliches werden, ebenso wie Tracking- oder Identificationstools, nicht eingesetzt. Soweit dieses Website Links zu dritten Anbietern enth\u00e4lt, erstreckt sich diese Datenschutzerkl\u00e4rung nicht auf selbige.<\/p>\n\n\n\n<p><\/p>\n","protected":false},"excerpt":{"rendered":"<p>Datenschutzerkl\u00e4rungBWM Rechtsanw\u00e4lte PartmbB legt gro\u00dfen Wert auf den Schutz von&nbsp; personenbezogenen Daten. Diese Daten werden daher ausschlie\u00dflich in \u00dcbereinstimmung mit den nachfolgend beschriebenen Grunds\u00e4tzen und unter Beachtung der anwendbaren Datenschutzgesetze erhoben, verarbeitet und genutzt. Anbieterkennzeichnung: Verantwortlich f\u00fcr diese Website ist die BWM Rechtsanw\u00e4lte PartmbB, Riemannstr. 29b, 04107 Leipzig, Telefon: +49 (0) 341 | 68 672 &hellip; <a href=\"https:\/\/bwm-partner.de\/index.php\/datenschutz\/\" class=\"more-link\"><span class=\"screen-reader-text\">\u201eDatenschutz\u201c <\/span>weiterlesen<\/a><\/p>\n","protected":false},"author":1,"featured_media":0,"parent":0,"menu_order":0,"comment_status":"closed","ping_status":"closed","template":"","meta":{"footnotes":""},"class_list":["post-36","page","type-page","status-publish","hentry"],"_links":{"self":[{"href":"https:\/\/bwm-partner.de\/index.php\/wp-json\/wp\/v2\/pages\/36","targetHints":{"allow":["GET"]}}],"collection":[{"href":"https:\/\/bwm-partner.de\/index.php\/wp-json\/wp\/v2\/pages"}],"about":[{"href":"https:\/\/bwm-partner.de\/index.php\/wp-json\/wp\/v2\/types\/page"}],"author":[{"embeddable":true,"href":"https:\/\/bwm-partner.de\/index.php\/wp-json\/wp\/v2\/users\/1"}],"replies":[{"embeddable":true,"href":"https:\/\/bwm-partner.de\/index.php\/wp-json\/wp\/v2\/comments?post=36"}],"version-history":[{"count":3,"href":"https:\/\/bwm-partner.de\/index.php\/wp-json\/wp\/v2\/pages\/36\/revisions"}],"predecessor-version":[{"id":65,"href":"https:\/\/bwm-partner.de\/index.php\/wp-json\/wp\/v2\/pages\/36\/revisions\/65"}],"wp:attachment":[{"href":"https:\/\/bwm-partner.de\/index.php\/wp-json\/wp\/v2\/media?parent=36"}],"curies":[{"name":"wp","href":"https:\/\/api.w.org\/{rel}","templated":true}]}}